(h) = 3*y(h) + 10*z(h). Suppose -v + i + 1 = -0, -v + 3*i - 9 = 0. Let a be 6/5*(-15)/v. Determine k(a).
2
Let n(l) = -l**2 + 12*l + 13. Let z be n(13). Let x(m) = 15*m**3 - 14*m**3 - 3*m**2 + 1 + 2*m**2. Give x(z).
1
Let z(b) = -b**2 - 4*b - 5. Let a(m) = m + 1. Let d(g) = 3*g. Let u(k) = 4*a(k) - d(k). Let s be u(-9). What is z(s)?
-10
Let q(b) = -b + 2. Let t be q(2). Let y(l) = -l**3 - 10. Give y(t).
-10
Suppose 0 = -2*a + 4*j, -5*a - j + 12 = 1. Let d(i) = -i + a + i - 3*i. Let q be (-203 - -207)/(2*1). Determine d(q).
-4
Suppose 6*o = o - i + 13, o + 5*i - 17 = 0. Let s(g) be the second derivative of -g**4/6 + g**3/3 + g**2/2 - g. Give s(o).
-3
Let a(u) = 9*u + 22*u**2 - 3*u - 3*u**2 + 2*u**3 - 21. Determine a(-9).
6
Let q(p) = -5*p**3 - 3*p**3 - 2*p**3. Suppose 113*j + 255 = 142. Determine q(j).
10
Let y(q) = -2*q**3 - q**2. Let x = 208 + -207. Calculate y(x).
-3
Suppose -o + 5*f = 2*o + 16, 0 = 2*o - 3*f + 9. Let j be 0/(1 - 2) - o. Let u(v) = v**2 - 4*v - 4. Give u(j).
17
Let v = 531 - 532. Let p(z) = -3*z**2 + 3*z + 2. Calculate p(v).
-4
Let q(b) = b**3 - b. Let g(c) = 2*c**3 - c**2 - c + 5. Let h(n) = 2*n - 5. Let a be h(2). Let w(u) = a*q(u) + g(u). Suppose 0 = 3*l + l. What is w(l)?
5
Let v(x) = 31*x**2 - 32*x**2 + 8*x - 13*x + 3. What is v(-6)?
-3
Let o(u) = -24*u + 25*u + 741*u**2 + 2*u**3 - 742*u**2. Let n(h) = h**2 - h - 1. Let w be n(2). Determine o(w).
2
Suppose -3*j = -2*j - 13. Let p be j/78 + 19/(-6). Let h(l) = -l**2 - 7*l - 4. Give h(p).
8
Let l(u) be the second derivative of -u**4/12 + u**3/3 + u**2 - 16*u. Suppose 4 = -4*a + 20. Calculate l(a).
-6
Let y = 150 + -143. Let n = 0 - -3. Let g(k) = 8*k - k**2 - k + n + 5. Calculate g(y).
8
Let i(d) = -3*d - 50 + 86 - 49. What is i(-5)?
2
Let u(i) = 4 + 4 - 4*i + 2*i - i**2 - 5*i**2 - 1 - i**3. Determine u(-5).
-8
Let c(f) = -12*f**2 + 36*f + 15. Let z(s) = 2*s**2 - 7*s - 3. Let y(m) = -2*c(m) - 11*z(m). Calculate y(-5).
28
Let f(k) = 12*k**2 + 14*k - 3. Let x(i) = 5*i**2 + 7*i - 1. Let o(a) = 3*f(a) - 7*x(a). Determine o(7).
-2
Let d(i) = 244 + 5*i - 512 + 254. What is d(3)?
1
Let m(p) = -68*p + 0 - 22 - 69*p + 142*p + 2. Give m(6).
10
Let w(u) = -2*u**2 + 6*u + 12. Let f be w(-5). Let x = f + 63. Let d(b) = -2*b**2 - 6*b. Give d(x).
-20
Let v(z) = -2*z**2 - 5. Let w(s) = -s**2 - s + 1. Let a(y) = v(y) - w(y). What is a(0)?
-6
Let p = 3 + -1. Let t(b) = -3 - 6*b - 10*b**2 + 3*b**2 + 6*b**p. Determine t(-5).
2
Let t(m) = 5*m**3 - m**2 + m + 1. Let z(p) = -24*p**3 - 6*p**2 + 3*p + 10. Let n(f) = 5*t(f) + z(f). Give n(10).
-5
Suppose 7*t = 9*t - 112. Let i = t + -60. Let l(d) = d**2 + d - 2. What is l(i)?
10
Let f(k) = -8*k**3. Suppose 3*n = o - 4 - 3, 4*n + 18 = -3*o. Let j be (o + 5)/((-3)/4). Let b be 1*-2 - (3 + j). What is f(b)?
8
Let r(f) = 2*f + 21. Let a be r(-9). Let x(p) = -9 + 5 - 2*p + 2*p**2 + a. Calculate x(2).
3
Let n(y) = -6*y**2 + 7*y + 12. Let w(u) = -4*u**2 + 6*u + 10. Let a(r) = -4*n(r) + 5*w(r). What is a(-2)?
14
Let y(h) = h**2 - 57*h + 311. Let w be y(6). Let c(z) = z**3 - 4*z**2 - 2*z - 8. Calculate c(w).
7
Let s = -5 + 3. Let f = s + 9. Let d(i) = i**2 - 8*i + 8. Let q be d(f). Let k(c) = c**2. What is k(q)?
1
Let z(t) be the third derivative of 7*t**6/60 - t**5/30 + t**3/6 - 112*t**2 - t. What is z(1)?
13
Suppose 2*j + 2*r - 6 = 0, -27*r + 8 = 2*j - 23*r. Let h(z) = -z**3 + 3*z**2 - z - 1. Give h(j).
1
Let x(s) be the second derivative of s**5/20 - s**4/3 + s**3/3 - 3*s**2/2 + 6*s. Let w(u) = -4*u - 48. Let c be w(-13). What is x(c)?
5
Let s(c) = c - 6. Let k be s(7). Let i(d) = 2*d**2 - 2*d + 46. Let u(h) = h**2 - h + 25. Let j(z) = 6*i(z) - 11*u(z). Determine j(k).
1
Let d = 181 + -185. Suppose -w = 4*s, -4*s = -5*w + s. Let c(v) = -3*v + 4*v + 5 + w*v. Calculate c(d).
1
Let w(v) = -v**3 + 4*v**2 - 6*v + 14. Suppose -232*p = -243*p + 44. Determine w(p).
-10
Let m(k) = -k**2 - 2 - 2*k**2 + 4 + k**3. Let a be (2 + 0 + 15/(-9))*6. Determine m(a).
-2
Let k = -28 - -24. Let i(z) = 13*z - 3 + 0*z**2 + 3*z**2 + z**3 - 10*z - 7*z. What is i(k)?
-3
Let w(q) be the third derivative of -q**4/24 - 13*q**2 - 60*q. Let g = -6 - -4. Let m be (3/g)/((-6)/16). Determine w(m).
-4
Let l(j) = 7 + 0*j - 18 - 5 - 2*j. Let y(b) = b + 1. Let q(t) = -l(t) - 3*y(t). Calculate q(0).
13
Let x(w) = 2*w - 4. Let f(n) = -n + 5. Let q(y) = 5*f(y) + 6*x(y). Let o be (-22)/33*33*3/6. Let t(m) = -20*m - 3. Let d(i) = o*q(i) - 4*t(i). Give d(-2).
-5
Let j be 9*(3/9 - 0). Let i(a) = -a**3 + 2*a**2 + 4. Give i(j).
-5
Let i(o) be the first derivative of -o**2/2 - 12*o - 199. What is i(10)?
-22
Let c(v) = v**2 + 28*v + 187. Let t be c(-12). Let r(k) = -k**3 - 6*k**2 + 1. Determine r(t).
-24
Let b be 2/1 + 2 + -1. Suppose 0 = -b*s - 3*v + 6, 2*s + 4*v = -0 - 2. Let x(i) = 2*i - 15*i**2 - 8*i + 24*i**2 - 8*i**2 + 2. What is x(s)?
-3
Let h(b) be the first derivative of -b**6/180 - b**5/120 + b**4/12 + b**3 + 4. Let s(d) be the third derivative of h(d). Determine s(2).
-8
Let p(q) be the first derivative of -q**4/4 - 5*q**3/3 - q**2 - 2*q - 346. Suppose o = 5 + 3. Let f = o + -12. Determine p(f).
-10
Let s(m) = 181*m**2 - 1 - 364*m**2 + 7*m + 182*m**2. Calculate s(5).
9
Let f(t) = t - 2. Let c be f(-6). Let r be 4/3*(-36)/c. Let g(n) be the first derivative of -n**3/3 + 4*n**2 - 7*n + 15. Determine g(r).
5
Let y(p) = 1 + 16*p**2 - p**3 - 11*p**2 + 9*p**3 + 0*p**3 - 7*p**2. Suppose s + 2 + 1 = 0. Let k = 4 + s. What is y(k)?
7
Let z = -315 + 306. Let a(b) = b**3 + 10*b**2 + 7*b - 8. Determine a(z).
10
Let n be 10/85 - 60/(-68). Let y(b) = -n + 31*b - 34*b - 1. Determine y(-2).
4
Suppose 0 = -5*w + 3*h + 8, 4*w - h + 4 = 4*h. Let j(g) = 5 + 2 + g**2 - 3*g**3 + w*g**3. Calculate j(0).
7
Let x(f) = 8*f. Suppose -2 = 5*v - 22, -4*u - 2*v + 12 = 0. Let t be u/((-3 + 2)*1). Determine x(t).
-8
Suppose -9*s = -s + 56. Let x(m) = m**3 + 6*m**2 - 5*m + 17. What is x(s)?
3
Let p(n) = 6*n**2. Let l(v) = v**3 - 7*v**2 + 7*v + 4. Let t be l(6). Let o = -9 + t. Give p(o).
6
Let j(q) = q**3 + q**2 - q. Suppose -4*c + 6 = -c. Suppose -g + 1 = c. Let v be j(g). Let d(t) = -4*t**2 + t. Determine d(v).
-3
Let h(f) = -5*f**3 - 23*f**2 - 18*f - 29. Let j(g) = -2*g**3 - 8*g**2 - 6*g - 10. Let p = 13 - 16. Let a(d) = p*h(d) + 8*j(d). What is a(6)?
7
Let l(t) = -2*t - 5. Let i be 2/(-3)*(-3 - 0). Suppose 3*m = -i*c - m + 4, -m + 3 = 0. Calculate l(c).
3
Let q be (-84)/(-16) + -2 - 2/8. Suppose 0*k + 12 = -q*k. Let z(m) = m**2 + 3*m - 4. What is z(k)?
0
Suppose -4*w - 5*i = 4 - 72, -52 = -4*w - i. Suppose 5*k + 2 = w. Let v be k/14 - (-192)/28. Let g(n) = n - 6. Give g(v).
1
Let p(f) = -f**2 - f - 2. Let s(y) = -y**2. Let b(m) = p(m) - 4*s(m). Let j(d) = d**2 - d. Let g(o) = -b(o) + 4*j(o). Determine g(5).
12
Suppose 49*k + 31*k = 51*k - 203. Let d(o) = o. Let b(g) = -4*g - 7. Let a(u) = b(u) + 2*d(u). Give a(k).
7
Let c(a) = -a**2 - 6*a + 8. Let r be c(-7). Let x be -3 + 1 + r + 76. Let k(q) = 76 - q + 4*q - x. What is k(1)?
4
Suppose -2*p - 10 = -7*p. Let t(h) = 2*h**p + h**3 - 1 - h + 4*h**2 - 4*h**2. Give t(-2).
1
Let x(j) = -13*j**3 + 14*j**2 - 4*j + 7. Let b(r) = -37*r**3 + 41*r**2 - 13*r + 20. Let z(d) = -6*b(d) + 17*x(d). Determine z(7).
20
Let a(x) = -x**3 - 6. Let b(m) be the second derivative of m**5/20 + 2*m**4/3 - 4*m**3/3 + 9*m**2/2 + m. Suppose -6*i = 150 - 96. Let d be b(i). Give a(d).
-6
Let s(d) = d**3 - 6*d**2 - 7*d + 10. Let i be s(7). Let c(z) = -i*z + 2*z**2 + 6 + 17*z + 2*z. Determine c(-6).
24
Let c(x) = x**3 + x**2 - 2*x + 2. Suppose -28*s = -26*s + 6. Determine c(s).
-10
Let v(i) = i - 3. Let c = -87 + 90. Let r(w) = w**2 - 4. Let m be r(c). Calculate v(m).
2
Let t(y) = 2*y**3 - 3*y**2 + y - 1. Suppose 0 = -4*r + 4, 0 = -5*o + 3*r - 5*r + 12. Let k = o - 0. Give t(k).
5
Suppose -25 = -4*b - q, 5*q + 13 + 2 = 0. Let d(n) = -2*n + b + n + 3. Let p be -12 + 8 - 4/((-1)/1). What is d(p)?
10
Let k(g) = 8*g**2 - 4*g - 2. Let f(a) = a**3 - 1. Let d(z) = -f(z) + k(z). What is d(7)?
20
Let z(j) = -j**3 - 6*j**2 - 19*j - 3. Let m(d) = -d**3 - 6*d**2 - 16*d - 3. Let k(h) = 4*m(h) - 3*z(h). Calculate k(-5).
7
Suppose -8*j = -2*j - 24. Let h(q) be the second derivative of -q**4/12 + 7*q**3/6 - 5*q**2/2 - q. What is h(j)?
7
Let w = -2085 + 2069. Let y(u) = u**3 + 18*u**2 + 31*u - 18. Give y(w).
-2
Let